a303?
-24aa301
In base 9, what is 36 + 5547756?
5547803
In base 16, what is 6d41 - 745?
65fc
In base 9, what is -547 - 408473?
-410131
In base 4, what is 2231022033131 - 11?
2231022033120
In base 8, what is 514154 - -6517?
522673
In base 15, what is 2dab40 - 1?
2dab3e
In base 10, what is -50 + -4596715?
-4596765
In base 13, what is -1a90 + -69b?
-245b
In base 10, what is -3 + 2242207?
2242204
In base 13, what is -27c1aa + 5?
-27c1a5
In base 10, what is 34 + -493975?
-493941
In base 15, what is -330b199 + -5?
-330b19e
In base 6, what is 302202402 - 4?
302202354
In base 3, what is -22100 - -101111210111?
101111111011
In base 3, what is -2221 - 12202011120202?
-12202011200200
In base 9, what is -315 - -116828?
116513
In base 7, what is 52556 + -54466?
-1610
In base 15, what is -295dad5 + 4?
-295dad1
In base 14, what is 461 - -6606?
6a67
In base 12, what is 6b5164 - 15?
6b514b
In base 9, what is -76 - -3674354?
3674267
In base 6, what is 3 + 12405202315?
12405202322
In base 15, what is 3 - 1029c96a?
-1029c967
In base 3, what is 1002202011 + -210021?
1001221220
In base 13, what is -20756 + -258?
-209b1
In base 7, what is 0 + -155561062?
-155561062
In base 3, what is -100020222 + 100000021?
-20201
In base 16, what is -47349d1 + 3?
-47349ce
In base 2, what is 1001000100011101001 + -101100111?
1001000011110000010
In base 8, what is 3 - 533520521?
-533520516
In base 4, what is -2022003120 - -21?
-2022003033
In base 5, what is -302204 - -23244?
-223410
In base 6, what is -44315052 + -13?
-44315105
In base 3, what is 20 - -1010211010100?
1010211010120
In base 2, what is -11101 - 10000011111011110010001?
-10000011111011110101110
In base 15, what is -66 - 3d9ea7?
-3da01d
In base 5, what is 220 + 3434401?
3440121
In base 2, what is -10001011110100110 - 1001100101?
-10001101000001011
In base 6, what is -331353403454 - 5?
-331353403503
In base 11, what is -1a626046 - -4?
-1a626042
In base 3, what is 1012002021 - -110201?
1012112222
In base 4, what is -102 - 323023302323?
-323023303031
In base 6, what is 2 + 134242400?
134242402
In base 11, what is -14 - 2445557?
-2445570
In base 13, what is -1a7a12 + 4?
-1a7a0b
In base 4, what is 331102310033 + 210?
331102310303
In base 12, what is -3 - -36a83b?
36a838
In base 15, what is -2de4 + -62?
-2e56
In base 9, what is -5 - 27832043?
-27832048
In base 10, what is -71415 - 6258?
-77673
In base 10, what is 309 + -61826?
-61517
In base 10, what is 22 - 4518208?
-4518186
In base 4, what is 11330 + -2031?
3233
In base 7, what is -144 - -110402445?
110402301
In base 16, what is 3 + -807eb1?
-807eae
In base 15, what is 57e85 + 33c?
582c2
In base 5, what is -211304410 - 114?
-211310024
In base 10, what is 5264 + 17279?
22543
In base 11, what is -1 - -932968?
932967
In base 2, what is 101011101010110001011 - -1010?
101011101010110010101
In base 4, what is -102231313320 + 0?
-102231313320
In base 14, what is -12 + 146d31?
146d1d
In base 2, what is -10001110001101010010100101111 - -100?
-10001110001101010010100101011
In base 7, what is 311401 + 214?
311615
In base 8, what is 52 + 74745224?
74745276
In base 2, what is -10010101111 - 100011010011100110?
-100011100110010101
In base 9, what is 41756561 + -25?
41756535
In base 12, what is -b746 - 3827?
-13371
In base 9, what is -17 + -8544632?
-8544650
In base 14, what is -94 + aa69?
a9b5
In base 14, what is 116 + a2031?
a2147
In base 16, what is 11 - -574a0?
574b1
In base 8, what is 1714116624 + 0?
1714116624
In base 11, what is -18 - 112023?
-112040
In base 8, what is 13305 - -13142?
26447
In base 2, what is -101 + 100010000100111010001010?
100010000100111010000101
In base 13, what is -8 - 117a?
-1185
In base 6, what is 3042141022 - 42?
3042140540
In base 5, what is 12412 - -40343?
103310
In base 12, what is 292 - -1696?
1968
In base 5, what is 11 - -2320242343?
2320242404
In base 3, what is -110021200001 - 2210?
-110021202211
In base 9, what is 28366 + -252?
28114
In base 7, what is -1500100354 - 11?
-1500100365
In base 12, what is 10b - -27236?
27345
In base 3, what is 10222122002101111 - 2?
10222122002101102
In base 14, what is -5 - 3121b34?
-3121b39
In base 15, what is -28 + 387e16?
387ddd
In base 3, what is -1222100101201 - -221?
-1222100100210
In base 11, what is -12981 - 1367?
-14238
In base 14, what is -350a7 - 7?
-350b0
In base 15, what is -26a2e2 - -6?
-26a2db
In base 7, what is -266100126 - 5?
-266100134
In base 5, what is -1011013 - 2000304?
-3011322
In base 16, what is 5 + 17ed5c1?
17ed5c6
In base 4, what is 11 - 102022000?
-102021323
In base 3, what is -110210021220121010 + -2?
-110210021220121012
In base 3, what is -2020 + -10101001022222?
-10101001102012
In base 12, what is -16b2 - -3334?
1842
In base 7, what is 16542 - 31322?
-11450
In base 6, what is -400204511 + -13?
-400204524
In base 12, what is -106876 + 6b?
-106807
In base 8, what is -1545346512 - 1?
-1545346513
In base 11, what is -18 + -69a0?
-6a08
In base 4, what is 31200101030 - 1?
31200101023
In base 8, what is 2 - 1735276?
-1735274
In base 5, what is 10130424 + -143120?
4432304
In base 7, what is -2246116 + 351?
-2245435
In base 12, what is 4 + 4ab0b43?
4ab0b47
In base 9, what is 2 + 54482525?
54482527
In base 16, what is eab0209 - -5?
eab020e
In base 6, what is 214230235 + -1?
214230234
In base 16, what is -1e59 - -32e?
-1b2b
In base 10, what is 277402 + -1357?
276045
In base 11, what is -20672675 - -2?
-20672673
In base 11, what is 256307404 - 1?
256307403
In base 16, what is -1b - -3b710?
3b6f5
In base 9, what is -160 - 72376?
-72546
In base 10, what is -3 + -40698002?
-40698005
In base 3, what is 1220 - 12221121121112?
-12221121112122
In base 11, what is a9 - 2943a4?
-2942a6
In base 8, what is 514217402 + 1?
514217403
In base 9, what is -106 - -48646?
48540
In base 14, what is -a7035 - 2c?
-a7063
In base 2, what is 111101101010011101 + 1?
111101101010011110
In base 5, what is 21134003121 + -11?
21134003110
In base 2, what is -1100110000010001011110010 + 111?
-1100110000010001011101011
In base 12, what is 0 - -22752209?
22752209
In base 5, what is 10 - 4102111404?
-4102111344
In base 4, what is 10312120 - 303020?
10003100
In base 7, what is 20003 + 113654?
133660
In base 13, what is -57 + -1516430?
-1516487
In base 8, what is 143122 - -67?
143211
In base 15, what is -3 - 8abec83?
-8abec86
In base 12, what is -1 - 5b347a?
-5b347b
In base 4, what is 322 + -32123?
-31201
In base 5, what is 110143 + 242023?
402221
In base 14, what is -435c67 + 8?
-435c5d
In base 4, what is 220313101 + -30123?
220222312
In base 9, what is -1022166 + -13?
-1022180
In base 8, what is 2322 + -12403?
-10061
In base 9, what is 12 - -1644152?
1644164
In base 13, what is 2 - 25740?
-2573b
In base 9, what is -4 + -6665618?
-6665623
In base 14, what is 17d5 + c21a?
da11
In base 11, what is 366 + 833257?
833612
In base 9, what is 30061527 - 51?
30061466
In base 6, what is -1552 - -23023033?
23021041
In base 4, what is -11 - -113210232000?
113210231323
In base 16, what is 0 - 3bee3f?
-3bee3f
In base 16, what is -12a1 + 108?
-1199
In base 7, what is -546 + 62141?
61262
In base 8, what is -174313 + -37?
-174352
In base 14, what is 59142cc - -1?
59142cd
In base 15, what is 84 + -16ba13?
-16b97e
In base 16, what is 6 + 7b76bd?
7b76c3
In base 16, what is -2cdeb54 + -5?
-2cdeb59
In base 6, what is -2250431 + 1440?
-2244551
In base 4, what is 200012332110 - 11?
200012332033
In base 10, what is -120911 - -51?
-120860
In base 8, what is 5 + 14327523?
14327530
In base 5, what is 1334230244031 + -10?
1334230244021
In base 2, what is -1010000001011001010001 - -100?
-1010000001011001001101
In base 2, what is -10001 - -100011110111110010110101?
100011110111110010100100
In base 13, what is -47a63435 - -3?
-47a63432
In base 10, what is -3 + -73885145?
-73885148
In base 6, what is 301022420243 + 1?
301022420244
In base 11, what is -14604 + 62?
-14552
In base 2, what is 1111110010001100011 + -1001011?
1111110010000011000
In base 10, what is -4 - 11660637?
-11660641
In base 13, what is -2705481 + 0?
-2705481
In base 7, what is -162 - 5433616?
-5434111
In base 9, what is 23833 + 603?
24536
In base 5, what is -2 + -1043124033?
-1043124040
In base 10, what is -30 - 112411?
-112441
In base 11, what is 5 - -677277?
677281
In base 9, what is -836488510 